4 + -18. What is the highest common divisor of 128 and k?
16
Let v = -51 + 59. What is the highest common divisor of 4 and v?
4
Suppose -4*o = o - 4*a - 558, 0 = -a - 2. Calculate the greatest common divisor of o and 10.
10
Let g be 6/(12/(-10)) - 1. Let i(j) = -5*j - 15. Let r be i(g). What is the highest common factor of 75 and r?
15
Let u(o) = -5*o + 3. Let f(p) = -p + 1. Let i(b) = 12*f(b) - 3*u(b). Let t be i(5). Let g = -70 + 196. What is the greatest common divisor of t and g?
18
Let m(v) = 2*v**2 + 2*v - 5. Let d be m(-4). Suppose 73 + d = 5*f - 3*a, -3*f + 60 = -3*a. Calculate the greatest common divisor of 40 and f.
8
Let u(z) = 4*z - 20. Let s be u(6). Let t be (s/(-6) - -1)*15. Calculate the highest common divisor of 35 and t.
5
Let u(c) = 4*c**2 - 2*c - 1. Let m be u(-1). Suppose -173 = -2*p - 41. Let z be (20/(-12))/((-2)/p). Calculate the highest common factor of z and m.
5
Let y(w) = -w + 2. Let x be y(0). Let l = -55 + 27. Let c = 44 + l. Calculate the highest common factor of c and x.
2
Let x be 2*(-2 + 1) - -2. Let s = x + 1. Let h(q) = -q**2 + q + 9. Let v be h(0). Calculate the highest common divisor of s and v.
1
Let b = 339 + -157. What is the greatest common divisor of 26 and b?
26
Suppose 2*z + d - 10 = 6*d, 0 = 4*d + 16. Let w = z - -7. Calculate the greatest common factor of w and 10.
2
Let x be 9/(-3) - (-27 - -5). What is the greatest common factor of x and 38?
19
Let w = 6 + -3. Let b(u) = -w - 3*u - 4 + 2 + 2. Let i be b(-7). Calculate the highest common divisor of 18 and i.
18
Let i = -1 - -6. Calculate the highest common factor of i and 45.
5
Let j be 24*6/30*15/2. What is the greatest common divisor of j and 27?
9
Let y(o) = -o + 16. Let m be y(10). What is the greatest common factor of m and 66?
6
Let g = 126 + -99. What is the highest common divisor of 54 and g?
27
Suppose -29*s = -28*s - 3. Calculate the greatest common factor of 33 and s.
3
Let l = -156 - -171. What is the greatest common divisor of l and 135?
15
Let s(h) = h**2 + 7*h - 2. Let b be s(-10). Let t be 680/b + (-2)/7. What is the greatest common divisor of t and 16?
8
Let q = 21 - 16. Suppose -2*u = -v + q*v - 526, u + 133 = v. Calculate the greatest common divisor of 12 and v.
12
Suppose -222 = -3*r - 60. Calculate the highest common factor of r and 9.
9
Let c(q) = 11*q**2 - 1. Let v = 4 - 3. Let f be c(v). Calculate the greatest common divisor of f and 70.
10
Suppose 4 = -4*p - 12. Let h be (p/3)/(1/(-24)). Calculate the highest common divisor of 16 and h.
16
Let w(z) = -8*z**3 - 2*z**2 + 2*z + 5. Let t(l) = -l - 1. Let f(d) = 6*t(d) + w(d). Let a be f(-3). Calculate the greatest common divisor of a and 19.
19
Suppose g - 3*s = -4, 3*g + 0*s - 14 = -4*s. Let r(c) = 5 - c + 0*c**2 + 10*c + 2*c**g. Let o be r(-7). What is the greatest common divisor of 8 and o?
8
Let y = 14 - 8. Let c(o) be the second derivative of o**3/2 - 4*o**2 + o. Let n be c(y). What is the highest common divisor of n and 80?
10
Let r be (-2)/(-3)*(-17)/((-136)/96). Calculate the highest common divisor of r and 24.
8
Suppose -y + d - 6*d + 305 = 0, y + 3*d = 295. Calculate the greatest common divisor of 35 and y.
35
Suppose -3*q + 10 + 102 = c, -q + 4*c = -20. Suppose -3*g + 117 = 45. What is the highest common divisor of g and q?
12
Let n(s) = -6*s + 47. Let r be n(7). Calculate the highest common factor of 5 and r.
5
Let r(b) = -b**2 + 6*b + 3. Let s be r(6). Suppose -4*m = -z - 0 - 3, 0 = -4*m. Let v be 65 + z + (1 - s). Calculate the greatest common divisor of v and 12.
12
Let o be (2/2)/(2/20). Let n be (2/8)/(1/4). Suppose -2*a + a + n = 0. Calculate the highest common factor of a and o.
1
Suppose -16 = -5*j - u, u + 24 = 3*j - 2*u. Suppose 36 = j*t - 16. Calculate the highest common divisor of 13 and t.
13
Let p(h) = h**2 - h - 2. Let x be p(-3). Suppose -4 = 2*o - x. Suppose o - 25 = -2*z. What is the highest common factor of z and 1?
1
Let f(p) = -p - 2*p + 2*p**2 - 3*p + 4. Let n be f(4). Suppose 0 = 3*d + w - 88, 4*d - 11*w + 10*w = 122. Calculate the highest common factor of d and n.
6
Let i = 3 + -1. Let y be ((-3)/9)/(i/(-30)). What is the greatest common divisor of 15 and y?
5
Suppose 4*v - 10 = 22. Let x(o) = -4*o + o + v*o**2 + 3*o. Let c be x(-1). What is the highest common factor of c and 8?
8
Let k = 36 + -14. Calculate the greatest common divisor of k and 22.
22
Let i(t) = -28*t - 5. Let d be i(-5). Let w = -69 + d. Calculate the highest common factor of 6 and w.
6
Let a = 86 - 73. Let s = 230 + -94. Let f = s + -45. Calculate the highest common factor of f and a.
13
Let y(k) = -k**3 + 6*k**2 + 2*k - 7. Let s be y(6). Suppose -s*c + 110 = -10. What is the greatest common factor of c and 12?
12
Let f(p) = p**3 + p**2 + 68. Let k be f(0). Suppose 5*j = 40 + 45. Calculate the highest common factor of j and k.
17
Suppose 4*m - 35 - 29 = 0. Let o be (-16 - 0)*(-11 + -1 + 5). Calculate the highest common divisor of o and m.
16
Suppose 4*c - 76 = -4*w, -14 = -c - 3*w - 3. What is the greatest common divisor of 23 and c?
23
Suppose 7*m - 31 = 116. Calculate the greatest common divisor of 21 and m.
21
Let l be 1/((-4)/(-8)) + 12. What is the greatest common factor of 14 and l?
14
Let c = -1 + 4. Let d = 17 + c. Suppose -2*a + d = -70. What is the highest common divisor of a and 9?
9
Suppose -5*w + 13 + 7 = 0. Let u be (33/6)/(2/w). Suppose 5*n + 3*g = 223, -3*n + 43 = -2*n - g. Calculate the highest common divisor of n and u.
11
Let c = 154 + -66. What is the greatest common factor of c and 11?
11
Let g = 7 + -7. Suppose -5*z + 3*j + 15 = g, -2*z = 3*j - j - 22. What is the greatest common divisor of z and 6?
6
Suppose 2 = 3*i - 1. Suppose -1 + 2 = h. Suppose -3*n - 20 = -5*x, -h = 2*x - 5*n - 28. What is the highest common divisor of x and i?
1
Suppose 27 = 4*r + 15. Suppose l - 5 = r*g, -4*g - 36 - 33 = -5*l. What is the greatest common factor of 17 and l?
17
Let a = -9 - -11. Suppose 23 = 5*r - 5*q - 37, a*r = q + 22. Calculate the highest common factor of 15 and r.
5
Suppose 0*r + 102 = r. Calculate the greatest common divisor of 17 and r.
17
Suppose 5 - 3 = d. Suppose -5*f = -b - 24 - 32, 4*b = -d*f + 18. What is the highest common factor of 11 and f?
11
Let g(d) = -d**3 + 6*d**2 - 2*d - 3. Let u be g(5). Let k = 38 + -26. Calculate the highest common factor of u and k.
12
Let b be 150/(-9)*-1*3. Suppose -85 - b = -q. Calculate the highest common factor of q and 15.
15
Let t = 133 - 123. Suppose 5 = -v, 2*v = i - 2*i + 60. Calculate the greatest common factor of i and t.
10
Suppose -3*v = -8*v. Let b(j) = -j + 11. Let w be b(v). What is the greatest common factor of 77 and w?
11
Suppose 2*h - 45 = -5*d - h, -15 = -3*h. Calculate the greatest common divisor of d and 15.
3
Let u = -1 + 25. Let m be (-39)/4*(-64)/u. Calculate the highest common factor of m and 39.
13
Suppose 0 = 7*a - 4*a - 33. Suppose 4 = -4*k + 8. Let f be k/(68/66 + -1). What is the greatest common divisor of a and f?
11
Let u(w) = -2*w + 9. Let t be u(-7). Let o = t - 13. What is the greatest common factor of 70 and o?
10
Let i = 4 - 0. Suppose -23 = -4*j + 1. Let z = j + i. What is the greatest common factor of z and 70?
10
Let j(o) = 5*o - 6. Let w be j(11). What is the highest common factor of 7 and w?
7
Suppose 0 = x - 3*x + 4. Let i = x + 0. What is the highest common divisor of i and 4?
2
Suppose 7*l + p = 2*l + 25, 3*p = -4*l + 20. Suppose l*s - 390 + 145 = 0. What is the greatest common divisor of 7 and s?
7
Let q be (9/5)/((-6)/(-20)). Calculate the highest common divisor of 24 and q.
6
Suppose 3*t = 2*i + 22, -3*i - 1 = -5*t + 35. Let r be (t - 1)*(-18)/(-30). Suppose -2*d + 110 = r*d. Calculate the greatest common divisor of d and 198.
22
Suppose 0 = 2*g - 4*l + 2, 4*g + 7*l = 2*l + 22. Let t be -1 + 2 + -3 + g. Calculate the greatest common divisor of 3 and t.
1
Let y be ((-20)/6)/(8/(-24)). Let k be 1/(2 - 10/4). Let j be 179/2 - k/4. Calculate the greatest common factor of y and j.
10
Let l be 660/25 - 4/10. Suppose 2*s + 2*c = 32, s = -0*s + c + l. What is the highest common divisor of s and 21?
21
Let q(f) = f**3 - 8*f**2 + 2*f - 12. Let g be q(8). Suppose 4*m - 2*m - 28 = 0. Suppose z - m = g. Calculate the greatest common divisor of 45 and z.
9
Let a = 0 - -26. Cal